 - k(w). Give v(j).
-2
Suppose -32 + 41 = 3*u. Suppose u*b + i - 12 = 0, 0 = i - 2 - 1. Let c(w) = -b*w - 6*w**2 + 4 + 1 - 2. Give c(2).
-27
Let w(i) = -3*i**2 - 4. Suppose 33*z - 30*z + 366 = -180*z. Calculate w(z).
-16
Let o be -4 + 138 - 9/(-3). Suppose -23*f - 45 = -o. Let v(k) = -k. Give v(f).
-4
Let x(p) be the first derivative of 1/4*p**4 - 15/2*p**2 + 78 + 13/3*p**3 - 18*p. Give x(-14).
-4
Suppose 0*f = 2*f + 12. Suppose -279 = -5*v + 3*c, 0*c - 9 = 3*c. Let r(h) = -46 - v + 148 - 52 - h. What is r(f)?
2
Suppose 16 = 5*x - 4. Let t(k) = k**2 + x - 2*k**2 + 7*k**2 - 3. Let m(h) = 5*h - 71. Let w be m(14). What is t(w)?
7
Let t = 29 + -29. Suppose t*x + 30 = -5*x. Let u(p) = -5530*p**3 + 3*p**2 + 4*p**2 + 7*p + 5531*p**3. Calculate u(x).
-6
Let y(w) = 39*w**2 + w - 6. Let n(r) = -23*r**2 + 2. Let a(i) = 5*n(i) + 3*y(i). What is a(-5)?
27
Let x be 420/(-54) - (5 + (-43)/9). Let b(r) = -r**3 - 9*r**2 - 13*r - 28. Determine b(x).
12
Suppose -p - 43 = -5*q - 4, -2*p - 36 = -4*q. Let s(k) be the first derivative of -6 - 1/4*k**4 + 9/2*k**2 + 2*k**3 + 4*k. What is s(q)?
18
Let c(z) = z + 1. Let i = -3992 + 3996. What is c(i)?
5
Let z(h) = 7692*h + 7 - 15395*h + 7704*h - 9 + 15. Let t be (5 + -5)*2/(-2). Determine z(t).
13
Let g(a) be the first derivative of -a**4/4 + 10*a**3/3 - 9*a**2/2 + 12*a - 2342. Determine g(9).
12
Let f(w) be the second derivative of -w**5/10 - w**4/4 + w**3/2 - 5*w**2/2 - 30*w + 29. Calculate f(-4).
63
Suppose -8*c - 6*c + 2*c = 0. Let w(f) = 2*f - 3*f - 10 - 6. Calculate w(c).
-16
Let o(t) = t**2 - 172*t + 6256. Let h be o(52). Let n(y) = 2*y**2 - 33*y - 25. Give n(h).
-41
Let j(b) be the third derivative of 0*b + 0 + 83*b**2 + 1/2*b**3 - 1/24*b**4. Determine j(-3).
6
Let x(i) = 17*i + 21. Let d = -2218 - -2213. What is x(d)?
-64
Let t = -11 - -4. Let w(v) = -18*v - 9*v + v**3 + 6 - 4*v + 7*v**2 + 49*v - 15*v. Give w(t).
-15
Let g(t) be the third derivative of t**4/6 + t**3/2 + 68*t**2 + 38*t. Let o = 5 + -8. Calculate g(o).
-9
Let b be 4*(-45)/18*2/(-5). Let v(x) = b - 4 + x - 3. Give v(-5).
-8
Let i(w) = -2*w**2 + w - 2. Let t = 165 + -115. Let k = t - 47. Suppose 0 = 5*q + k*c + 1, 1 + 1 = -4*q - 2*c. Give i(q).
-12
Let l(r) be the third derivative of 7*r**4/24 - r**3/2 - 3452*r**2. Calculate l(-2).
-17
Let f(u) be the second derivative of u**4/12 + u**3/6 - u**2 - 1089*u + 2. Let x(t) = t**3 - 5*t**2 + 6*t - 6. Let b be x(4). What is f(b)?
4
Suppose 3*m + 47 = -3*i + 8, -4*m = 2*i + 42. Let o(z) = 5*z + 16*z**3 + 1 - 9*z**2 - 17*z**3 - 13*z. Determine o(m).
1
Let g(n) = -n**2 + 5*n + 10. Suppose -4*j + 24 = -2*f, 3*f + 16 = 4*j - 12. Suppose 160 = -j*m - 16*m. Let q be (14/m)/((-2)/8). Determine g(q).
-4
Let y(q) = 393*q - 132*q - 8*q**2 + 1 - 4 - 137*q - 128*q - q**3. Give y(-7).
-24
Suppose 1853*b + 5 = 1854*b. Let j(l) = 48 + 47 + l - 149 - 4*l**2 + 48 + l**3. Give j(b).
24
Let q be (-1)/((-6)/36*2). Suppose 0 = -q*w + 3*p + 21, 3*p - 5*p - 10 = -w. Let k(y) = -y**3 + 6*y**2 - 6*y + 4. What is k(w)?
12
Let x(l) = -5*l + 11. Let y = -11930 + 11937. Give x(y).
-24
Let a(d) = 4*d**2 + 34*d - 12. Let b be a(-9). Let z(x) = b*x - 72*x**2 - 8 - 77*x**2 - x + 150*x**2. What is z(-8)?
16
Let r be 65/390*(-3)/(-12). Let g(b) be the third derivative of 0 + r*b**4 + 0*b + 5*b**2 + 1/6*b**3. Determine g(1).
2
Let m(u) = u**2 + 6*u - 7. Let r(k) = 75*k - 456. Let b(c) = c**2 - 38*c + 43. Let a be b(37). Let g be r(a). What is m(g)?
-7
Let l(k) = 26 + 2898*k + 2882*k + 68 - 5787*k. Calculate l(12).
10
Let q(y) = 4*y**2 - 28*y + 15. Let i(t) = -7*t**2 + 54*t - 24. Let f(j) = 6*i(j) + 11*q(j). Give f(-5).
-9
Let d(b) = -6*b - 675. Let r(t) = 17*t + 1929. Let x(j) = 20*d(j) + 7*r(j). Let y be 0 + -3 + 2/1. Let i be ((-9)/15)/(y/5). Determine x(i).
0
Let d(c) = 192*c + 191*c - 571*c + 185*c - 39. Give d(-16).
9
Let r = -2109 + 2112. Let s(n) be the third derivative of 0*n + 0 - 1/24*n**4 - n**2 + 0*n**r. Determine s(-5).
5
Let u(w) = -2*w**2 + 22*w + 31. Let n(q) = -2*q**2 + 11*q + 16. Let m(g) = -5*n(g) + 3*u(g). Calculate m(-6).
91
Let p be ((-11)/22)/(-8 - -7). Let b(a) be the third derivative of -7/24*a**4 + 0 + 0*a - 6*a**2 - 1/60*a**5 - p*a**3. Determine b(-7).
-3
Let c(m) = -5*m**3 + m + 1. Let b be c(-1). Let y(j) be the second derivative of -j**5/20 + j**4/3 + 2*j**3/3 - j**2 - 120*j - 1. Calculate y(b).
-7
Let w(a) be the second derivative of a**7/2520 - 11*a**6/720 - a**5/20 + 107*a**4/6 - 258*a. Let t(d) be the third derivative of w(d). Give t(9).
-24
Let q = -8389 - -8392. Let l(o) = -22*o - 1. Give l(q).
-67
Let y(s) = -2*s**2 - 8*s + 42. Suppose -442*b - 70*b = -2*b + 3570. Determine y(b).
0
Let m(o) = o**3 + 5*o**2 - 7*o + 7. Suppose -1825 + 1791 = 4*d + 2*r, -20 = 4*r. What is m(d)?
13
Let a(t) = -t**3 + t**2 + 22*t - 8. Let r(d) = 140*d + 425. Let l be r(-3). Determine a(l).
2
Let x(f) = -72*f**2 - 1 - 4*f**3 - 57*f**2 + 129*f**2. Calculate x(2).
-33
Let r(i) be the third derivative of -i**5/30 + i**4/4 + 7*i**3/6 + 10*i**2. Suppose -4*w - 7 = -7*w + 4*m, -3*w + 11 = -2*m. Determine r(w).
-13
Let m(t) = 4*t**2 + 72*t - 255. Let l be m(-21). Let r(s) = -2*s**3 - 3*s**2 + 9*s + 6. Determine r(l).
6
Let z(u) be the second derivative of 1/6*u**3 + 5*u**2 + 0 + 39*u. Determine z(0).
10
Let h(c) = 4*c + 1. Let i(g) be the second derivative of g**4/12 + 5*g**3/6 + 2*g**2 + 10*g. Let l be i(-5). Suppose -l = y - 6. What is h(y)?
9
Suppose -5*i = 5*d + 25, 3*i + 2*d + 7 = -4. Let u(k) = -k**2 - k - 1 + k**2 + 3*k**2 - 2*k. Determine u(i).
5
Suppose -3*b = 6, 6*b - b + 10 = -4*i. Suppose -u - 3*a - 14 = -i*a, 5*a = -3*u - 34. Let v(o) = -o**2 - 8*o + 1 + 0 - 2. Give v(u).
-1
Let s(y) = 2*y**2 + 5*y - 2. Let o(l) = -7*l - 9. Let i(f) = 2*f + 1. Let v(z) = 6*i(z) + 2*o(z). Let j be v(-4). Calculate s(j).
10
Let a = -4380 + 4361. Let o(t) = t - 1. Determine o(a).
-20
Let s(y) = -3*y + 11. Let p be ((-1308)/109)/(2/(-56)*-3). Let t = p - -116. Give s(t).
-1
Let d(v) = -2*v + 2. Suppose j + 4*j - 79 = -4*p, -84 = -4*p - 4*j. Let o be 814/286 + 4/p. Let q be 6 - o - (-6)/(-1). Calculate d(q).
8
Let y(f) = 4*f**3 - 18*f - 8*f**2 + 2 - 12*f**3 + 9*f**3 - 8*f + 33*f**2. Give y(-26).
2
Let f(j) = -2*j**2 + 11*j + 3. Let q be f(6). Let h(o) be the second derivative of -2*o**3/3 - 2*o**2 - 74*o - 2. What is h(q)?
8
Let z(k) = -14*k**2 - 2*k - 2 + 1 + 4*k - 1. Let d(a) = -225*a**2 + 33*a - 33. Let v be 34/18 + (-9)/(-81). Let y(n) = v*d(n) - 33*z(n). Determine y(-1).
12
Let p(t) = -t**2 + 11*t - 8. Let n be p(9). Suppose 225 = n*k + 165. Let w(i) = 1 + 5 + 0*i - i. Give w(k).
0
Let u be (2 - 0)*6/(-3 + -9). Let s(j) = 13*j**3 - j**2 - j + 1. What is s(u)?
-12
Let f(a) = 7*a + 0*a**2 - 4490103 - a**2 + 4490089. Let c be (-14)/(-8)*-2*-2. What is f(c)?
-14
Let z(x) = 4*x**2 - 72*x - 87. Let b(t) = -2*t**2 + 37*t + 43. Let m(s) = -7*b(s) - 4*z(s). What is m(16)?
-1
Let n(h) = h**2 - h + 2. Let b(d) = d**2 - d. Let o(f) = -9*f**2 + 14*f - 12. Let a(w) = -3*b(w) - o(w). Let i(y) = -a(y) + 5*n(y). Determine i(5).
3
Suppose 0 = i - 11 + 18. Let v be -7*i/(245/10). Let l(j) = -1 + 2*j + v*j + 3 - 5*j. Give l(5).
-3
Let c(v) = 3*v**2 - 1 + 3 + v**3 - 21*v + 20*v. Let q be 10/15 - (-2 + -1)/9. Suppose 2*y - q + 5 = 0. Calculate c(y).
8
Let a(p) = 9*p - 55*p + 20*p + 18 + 8*p + 7*p. Give a(3).
-15
Let q(p) = -11*p**3 - 9*p**2 - 13*p + 13. Let j(m) = 4*m**2 - 48 + 42 + 3*m + 5*m**3 + 3*m. Let o(k) = 13*j(k) + 6*q(k). Calculate o(-3).
9
Let j(v) = 9*v**3 + 22*v**2 + 7*v - 25. Let y(d) = -5*d**3 - 11*d**2 - 4*d + 16. Let x(l) = 4*j(l) + 7*y(l). Determine x(-11).
12
Let a(u) = u**3 - 6*u**2 - 7*u + 9. Let z(s) = s**2 + 26*s + 55. Let q be (-1298)/55 + (2 - (-36)/(-15)). Let h be z(q). Determine a(h).
9
Let u = 73 - 239. Let h = 273 + u. Suppose 0 = -109*w + h*w + 18. Let s(j) = -j**3 + 9*j**2 + 4. Give s(w).
4
Let c(y) = -16 + 68*y - 64*y + 6*y**2 - y**3 + 1. Give c(6).
9
Let q(m) = m**2 + 4*m - 2. Let g be 276/27 - (-2)/(-9). Let v = g + -14. Let i be v/((-2)/1) + -6. Determine q(i).
-2
Let c(o) = -o + 4*o - 3 + 4. Let y(w) = -4*w - 2. Let l(t) = 5*c(t) + 4*y(t). Let s be (0*(-1)/(-6))/((18/(-9))/(-1)). What is l(s)?
-3
Let g(f) = 10. Let n(q) = -q + 17. Let i(z) = 5*g(z) - 4*n(z). What is i(-5)?
-38
Let t be -6 - -11 - (-414)/(-69). Let m(x)